2 - 30*t + 78. List the prime factors of y(w).
3, 401
Suppose -2*s = 3*t + 607, -1272 - 288 = 5*s - t. Let q be (190/(-4))/((-2)/(-24)). Let i = s - q. List the prime factors of i.
7, 37
Suppose -5*y + 4*c - 3*c = -10, 3*y + 3*c - 6 = 0. Suppose -r - 2*z + 149 = 0, -2*r = 5*z - y*z - 302. List the prime factors of r.
157
Let r = -4593 - -8605. List the prime factors of r.
2, 17, 59
Let o(b) = -b**2 - 15*b + 4. Let v be o(-15). Suppose z - 3*g = 2*g + 124, -3*g = v*z - 496. What are the prime factors of z?
2, 31
Suppose 4*g = 5*q - 18916, 6*q + g - 3785 = 5*q. Suppose 7*k - 15*k = -q. What are the prime factors of k?
11, 43
Let c(w) = -2*w - 14. Let y be c(-7). Suppose -540 = -5*q - y*q. Let l = q + -26. List the prime factors of l.
2, 41
Let q(d) = 5*d - 7. Suppose -8 = 2*i + 3*c, -i + 10 = 3*c - 5*c. Let t be q(i). Suppose 2*y + t*h - 57 = 0, 5*h - 16 = -y + 23. What are the prime factors of y?
2, 3
What are the prime factors of 7/28*(6 - (-89170 - -12))?
22291
Let r(a) = 255*a**2 - 231*a - 14. What are the prime factors of r(5)?
2, 19, 137
Let u(m) = -m**2 + 17*m + 18. Let w be u(14). Suppose 65*v = w*v + 355. What are the prime factors of v?
71
Suppose -r + 28 = -2*s - 5*r, 5*r = s. Let q be 818/s + 0 + 13/(-65). Let m = q + 129. What are the prime factors of m?
47
What are the prime factors of 3 - (-472)/(-152) - 731436/(-114)?
2, 401
Suppose -73*b + 287964 + 386702 = 0. List the prime factors of b.
2, 4621
Let p(c) = 1333*c**3 + 45*c**2 - 114*c - 35. List the prime factors of p(3).
181, 199
Let x = -47 + 51. Let k be (4/x)/(4/12). Suppose 2*q + 175 = j, 3*j + k*q - 552 = -0*j. What are the prime factors of j?
181
Suppose -2314833 + 1603943 = -104*g + 1921662. List the prime factors of g.
17, 1489
Suppose -2*k - 1962 = -4*k. Suppose -3*v = 0, 0*v + 4*v = -5*f + 10. Suppose -f*u + 501 = 6*c - c, k = 4*u + 3*c. List the prime factors of u.
3
Let d = 22723 - -17700. What are the prime factors of d?
40423
Let g be 456/64 + (3/(-24))/1. Suppose 0 = g*n - 12*n + 10. What are the prime factors of -3*((-1)/n)/((-5)/(-70))?
3, 7
Let f be (-9)/(-21) - 25/(-7). What are the prime factors of (-6)/f + 108634/116?
5, 11, 17
List the prime factors of 1*9 + (-13)/(221/(-307292)).
5, 3617
Let x(o) be the third derivative of 5/24*o**4 + 1/20*o**5 + 0*o + 5/2*o**3 + 8*o**2 + 0. What are the prime factors of x(-4)?
43
Let b be (-77)/21 + 4/6 - -3. Suppose x + b*x - 300 = 0. What are the prime factors of x?
2, 3, 5
Let q be ((-2)/3)/((-5)/405). What are the prime factors of ((-746)/4)/(9/q*-3)?
373
What are the prime factors of (3/15)/(121/38685515)?
11, 5813
Let c = 30 - 14. Let b be 2 - (1 + c)*-1. Suppose 5*k - 495 = -5*p, 2*k = 5*p + b + 193. List the prime factors of k.
101
Suppose 0 = 85*v - 113*v + 140. Let z be 3 - (-1 + 0/2). Suppose -79 = -v*b + z*b. What are the prime factors of b?
79
Suppose 0 = 12*z - 0*z - 20352. Let q = z - 948. List the prime factors of q.
2, 11, 17
Suppose -23*f + 4*q = -24*f + 326, 4*f - 1268 = 2*q. Let j = 497 + f. What are the prime factors of j?
5, 163
Suppose -19319173 = -289*o - 65*o + 3492587. What are the prime factors of o?
2, 3, 5, 179
Suppose 136*l = 113*l + 7797. Let r = l - 330. List the prime factors of r.
3
List the prime factors of -6 - (8 + 312/(-36) - 7219/3).
7
List the prime factors of (4/10)/(-10 - (-1788)/180) - -62745.
3, 6971
Let f = 6379 - 5368. List the prime factors of f.
3, 337
Let t(b) = b**3 - 8*b**2 + 5*b - 7. Let w = -47 - -54. Let j be t(w). Let l = 32 + j. What are the prime factors of l?
11
Suppose -14*a = -3*a - 35365. List the prime factors of a.
5, 643
Suppose 8*m + 240 = 1544. Let n = 384 - m. List the prime factors of n.
13, 17
Let m = -2730 - -1874. Let y = 1447 + m. What are the prime factors of y?
3, 197
Let r = 422 - 174. Suppose -256*o = -r*o - 2904. What are the prime factors of o?
3, 11
Let d(t) = -t**2 + t - 39. Let u(l) = 9*l + 3. Let s be u(1). Let f be d(s). Let b = 300 + f. List the prime factors of b.
3, 43
Let s(q) = -1. Let a(r) = -69*r - 13. Let c(d) = a(d) - 6*s(d). Let u be c(-3). Let b = u - 62. List the prime factors of b.
2, 3, 23
Let w be (6 + -16)/(-2*1). Suppose 0 = 2*x - w*u - 1924, 5*x + 305 - 5145 = 5*u. List the prime factors of x.
2, 3
Let s = -3809 - -5685. Suppose s = 19*j - 17*j. Suppose 50*a = 57*a - j. What are the prime factors of a?
2, 67
Suppose 3*g = 0, 3*g + 229084 = -32*i + 36*i. List the prime factors of i.
57271
Let a(g) = 4*g**2. Let h be a(-2). Let z(v) = -9*v**3 + 15*v**2 + 8*v**3 + 13*v + 21 + 15*v - 5*v. What are the prime factors of z(h)?
7, 19
Suppose 5*j + 4584 = -b + 34553, 0 = -3*j. List the prime factors of b.
23, 1303
Suppose 24*x = 21*x + 6. Suppose x*b - 748 = -3*p, -5*p - b - 220 = -1462. List the prime factors of p.
2, 31
Let q = -4207 + 33786. List the prime factors of q.
11, 2689
Let g be (256/(-5))/((-1)/490). Suppose 28*a = -21*a + g. List the prime factors of a.
2
Suppose 19012 + 9389 + 19263 = 8*d. What are the prime factors of d?
2, 3, 331
Suppose 60*y - 367623 + 19143 = 0. List the prime factors of y.
2, 3, 11
Suppose 3*k - d - 7 = 0, k - 5*k + 2 = -5*d. Suppose -x = 5*j - 622, x + k*j + 1257 = 3*x. What are the prime factors of x?
3, 11, 19
Let a = -4020 - -4871. What are the prime factors of a?
23, 37
Let n(h) be the third derivative of 3*h**6/20 + h**5/12 - h**4/6 - h**3 + 18*h**2. Let z be n(3). Suppose 3 = 6*b - z. List the prime factors of b.
2, 43
Suppose 3*f + a - 15539 = 0, f = -a - 2*a + 5193. What are the prime factors of f?
2, 3, 863
Let d(c) be the second derivative of c**5/20 - 5*c**4/6 + 7*c**3/3 + 9*c**2/2 - 2*c + 22. List the prime factors of d(12).
3, 5, 31
Suppose -144 = 8*i + 48. What are the prime factors of (-3)/i - (-226344)/192?
3, 131
Let y be -230*(4 + 12/(-2)). Let r = y + -272. List the prime factors of r.
2, 47
Let v(f) = -2*f**2 + 10*f + 30. Let t be v(7). List the prime factors of ((-4081)/2)/(-11)*t.
7, 53
Suppose -4 = 2*q, s + 42*q - 5*q = 11165. What are the prime factors of s?
11239
Suppose -4*g = -14*g + 14*g - 32924. List the prime factors of g.
8231
Let d = -1264 + 2906. Let z = -1092 + d. Suppose -12*q = -q - z. List the prime factors of q.
2, 5
Suppose -59*n + 5913 = 3*u - 56*n, 0 = n - 4. Suppose -20*b = -8513 - u. List the prime factors of b.
2, 131
Let v be (-105)/(-2)*(-47 + 51). Suppose -6*b + v = -4*b. List the prime factors of b.
3, 5, 7
Let s = 4050 - 3475. What are the prime factors of s?
5, 23
Suppose -11*r = -74877 - 3696. Suppose -s - 3345 = -2*o, 3*o = 4*s + r - 2123. What are the prime factors of o?
2, 11, 19
What are the prime factors of (-3)/2*(326375/(-15) - -19)?
32609
Suppose 0 = -u - 32*b + 30*b + 1264, -4*b + 5044 = 4*u. Let x = u - 62. What are the prime factors of x?
2, 13, 23
Suppose -1078*r = -1133*r + 2904110. List the prime factors of r.
2, 17, 1553
Let y(h) = 7*h**2 - 32*h + 266. List the prime factors of y(18).
2, 11, 89
Suppose 5*q + 5*a = 1865, 5*q - 1195 = 5*a + 710. Let k = 686 - q. What are the prime factors of k?
3, 103
Suppose -8*l - 19583 = -64687. What are the prime factors of l?
2, 2819
Let r(t) = 1094*t**3 - 5*t**2 - 5*t + 21. List the prime factors of r(2).
7, 1249
Let p be -48*((-3370)/15 + 1 - 4). What are the prime factors of 0 + (-12)/18 - p/(-12)?
2, 5, 7, 13
Let k(q) = 937*q**2 - 4*q + 7. Let c(m) = -1874*m**2 + 8*m - 15. Let x(g) = 3*c(g) + 7*k(g). What are the prime factors of x(1)?
937
Let r(p) = 25*p**2 - 2*p + 2. Let u(w) = 2*w + 3. Let l = 140 + -140. Let b be u(l). List the prime factors of r(b).
13, 17
What are the prime factors of ((9468/(-7))/(-6))/(((-276)/504)/(-23))?
2, 3, 263
Let b = -349 - -770. Let d = 612 - b. List the prime factors of d.
191
Suppose 6*l - 3*l + 3402 = 0. Let g = 1794 + l. Suppose -28*c + 23*c = -g. What are the prime factors of c?
2, 3, 11
Let w(n) = -n**3 + 17*n**2 - 8*n - 11. Let b be w(16). Let f = b + -120. List the prime factors of f*(-3 + (-32)/3).
41
Let u = 33 - 27. Let d be (3/u)/(3/1158). Suppose 0 = -3*w - 3*r + 201, 2*w - r - d = -53. List the prime factors of w.
3, 23
Let m(w) = -w**3 - 5*w**2 + 10*w - 11. Let g be m(-7). Suppose -2*b = 10, -g*j - 3*b = -12*j - 675. List the prime factors of j.
2, 3, 23
Suppose w = -2*d - 77 + 90, -3*d + 18 = w. What are the prime factors of (-5)/w*(-1